{"id":272,"date":"2019-04-17T21:09:53","date_gmt":"2019-04-17T19:09:53","guid":{"rendered":"http:\/\/mordorswiss.com\/?page_id=272"},"modified":"2019-04-17T21:16:58","modified_gmt":"2019-04-17T19:16:58","slug":"life-is-nothing","status":"publish","type":"page","link":"https:\/\/mordorswiss.com\/index.php\/discography\/life-is-nothing\/","title":{"rendered":"Life is Nothing! &#8211; 2009"},"content":{"rendered":"<p>The ultra-rare bootleg cassette tape \u201cLife is Nothing!\u201d was released by Bougies Records in 2009. It included some unreleased, rare and bonus tracks from 1991-2008.<\/p>\n<p><img loading=\"lazy\" decoding=\"async\" class=\"alignnone size-medium wp-image-276\" src=\"http:\/\/mordorswiss.com\/wp-content\/uploads\/2019\/04\/lifeisnothing_cover-190x300.jpg\" alt=\"\" width=\"190\" height=\"300\" srcset=\"https:\/\/mordorswiss.com\/wp-content\/uploads\/2019\/04\/lifeisnothing_cover-190x300.jpg 190w, https:\/\/mordorswiss.com\/wp-content\/uploads\/2019\/04\/lifeisnothing_cover.jpg 428w\" sizes=\"(max-width: 190px) 100vw, 190px\" \/><\/p>\n<p>Side A<\/p>\n<ol>\n<li>The Temple of the Other Gods (Live 2008)<\/li>\n<li>Dau\u00f0i Baldrs ins Go\u00f0a (2007)- <a href=\"https:\/\/youtu.be\/AQZ2bxCgbbQ\" target=\"_blank\" rel=\"noopener\">Listen on Youtube<\/a><\/li>\n<li>Domnisoara Christina (1996)<\/li>\n<li>Mah\u0101r\u0101tr\u012b (1994)<\/li>\n<li>Torment (1992)<\/li>\n<\/ol>\n<p>Side B<\/p>\n<ol>\n<li>Les Arm\u00e9es de Sauron (Live 1997)- <a href=\"https:\/\/youtu.be\/0G_z0T89v5I\" target=\"_blank\" rel=\"noopener\">Listen on Youtube<\/a><\/li>\n<li>Dark is the Future (1994)<\/li>\n<li>Agony: The Ascent of the Mountain (1995) &#8211; <a href=\"https:\/\/https:\/\/mordorswiss.bandcamp.com\/track\/agony-the-ascent-of-the-mountain target\" rel=\"noopener\">Listen on Bandcamp<\/a><\/li>\n<li>Black Roses from the Dawn of Chaos (1991) &#8211; <a href=\"https:\/\/https:\/\/mordorswiss.bandcamp.com\/track\/agony-the-ascent-of-the-mountain target\" rel=\"noopener\">Listen on Bandcamp<\/a><\/li>\n<li>In Search of the Pure Negation (1993) &#8211; <a href=\"https:\/\/mordorswiss.bandcamp.com\/track\/in-search-of-the-pure-negation\" rel=\"noopener\">Listen on Bandcamp<\/a><\/li>\n<\/ol>\n<p><img loading=\"lazy\" decoding=\"async\" class=\"alignnone wp-image-277 size-large\" src=\"http:\/\/mordorswiss.com\/wp-content\/uploads\/2019\/04\/Lifeisnothing-1024x439.jpg\" alt=\"\" width=\"525\" height=\"225\" srcset=\"https:\/\/mordorswiss.com\/wp-content\/uploads\/2019\/04\/Lifeisnothing-1024x439.jpg 1024w, https:\/\/mordorswiss.com\/wp-content\/uploads\/2019\/04\/Lifeisnothing-300x129.jpg 300w, https:\/\/mordorswiss.com\/wp-content\/uploads\/2019\/04\/Lifeisnothing-768x330.jpg 768w, https:\/\/mordorswiss.com\/wp-content\/uploads\/2019\/04\/Lifeisnothing.jpg 2044w\" sizes=\"(max-width: 525px) 100vw, 525px\" \/><\/p>\n","protected":false},"excerpt":{"rendered":"<div class=\"mh-excerpt\"><p>The ultra-rare bootleg cassette tape \u201cLife is Nothing!\u201d was released by Bougies Records in 2009. It included some unreleased, rare and bonus tracks from 1991-2008. <a class=\"mh-excerpt-more\" href=\"https:\/\/mordorswiss.com\/index.php\/discography\/life-is-nothing\/\" title=\"Life is Nothing! &#8211; 2009\">[&#8230;]<\/a><\/p>\n<\/div>","protected":false},"author":1,"featured_media":0,"parent":76,"menu_order":0,"comment_status":"closed","ping_status":"closed","template":"","meta":{"footnotes":""},"yoast_head":"<!-- This site is optimized with the Yoast SEO plugin v16.2 - https:\/\/yoast.com\/wordpress\/plugins\/seo\/ -->\n<title>Life is Nothing! - 2009 - Mordor Swiss Official<\/title>\n<meta name=\"robots\" content=\"index, follow, max-snippet:-1, max-image-preview:large, max-video-preview:-1\" \/>\n<link rel=\"canonical\" href=\"https:\/\/mordorswiss.com\/index.php\/discography\/life-is-nothing\/\" \/>\n<meta property=\"og:locale\" content=\"fr_FR\" \/>\n<meta property=\"og:type\" content=\"article\" \/>\n<meta property=\"og:title\" content=\"Life is Nothing! - 2009 - Mordor Swiss Official\" \/>\n<meta property=\"og:description\" content=\"The ultra-rare bootleg cassette tape \u201cLife is Nothing!\u201d was released by Bougies Records in 2009. It included some unreleased, rare and bonus tracks from 1991-2008. [...]\" \/>\n<meta property=\"og:url\" content=\"https:\/\/mordorswiss.com\/index.php\/discography\/life-is-nothing\/\" \/>\n<meta property=\"og:site_name\" content=\"Mordor Swiss Official\" \/>\n<meta property=\"article:modified_time\" content=\"2019-04-17T19:16:58+00:00\" \/>\n<meta property=\"og:image\" content=\"http:\/\/mordorswiss.com\/wp-content\/uploads\/2019\/04\/lifeisnothing_cover-190x300.jpg\" \/>\n<meta name=\"twitter:card\" content=\"summary_large_image\" \/>\n<script type=\"application\/ld+json\" class=\"yoast-schema-graph\">{\"@context\":\"https:\/\/schema.org\",\"@graph\":[{\"@type\":\"WebSite\",\"@id\":\"https:\/\/mordorswiss.com\/#website\",\"url\":\"https:\/\/mordorswiss.com\/\",\"name\":\"Mordor Swiss Official\",\"description\":\"Only Dark is Absolute\",\"potentialAction\":[{\"@type\":\"SearchAction\",\"target\":\"https:\/\/mordorswiss.com\/?s={search_term_string}\",\"query-input\":\"required name=search_term_string\"}],\"inLanguage\":\"fr-FR\"},{\"@type\":\"ImageObject\",\"@id\":\"https:\/\/mordorswiss.com\/index.php\/discography\/life-is-nothing\/#primaryimage\",\"inLanguage\":\"fr-FR\",\"url\":\"http:\/\/mordorswiss.com\/wp-content\/uploads\/2019\/04\/lifeisnothing_cover-190x300.jpg\",\"contentUrl\":\"http:\/\/mordorswiss.com\/wp-content\/uploads\/2019\/04\/lifeisnothing_cover-190x300.jpg\"},{\"@type\":\"WebPage\",\"@id\":\"https:\/\/mordorswiss.com\/index.php\/discography\/life-is-nothing\/#webpage\",\"url\":\"https:\/\/mordorswiss.com\/index.php\/discography\/life-is-nothing\/\",\"name\":\"Life is Nothing! - 2009 - Mordor Swiss Official\",\"isPartOf\":{\"@id\":\"https:\/\/mordorswiss.com\/#website\"},\"primaryImageOfPage\":{\"@id\":\"https:\/\/mordorswiss.com\/index.php\/discography\/life-is-nothing\/#primaryimage\"},\"datePublished\":\"2019-04-17T19:09:53+00:00\",\"dateModified\":\"2019-04-17T19:16:58+00:00\",\"breadcrumb\":{\"@id\":\"https:\/\/mordorswiss.com\/index.php\/discography\/life-is-nothing\/#breadcrumb\"},\"inLanguage\":\"fr-FR\",\"potentialAction\":[{\"@type\":\"ReadAction\",\"target\":[\"https:\/\/mordorswiss.com\/index.php\/discography\/life-is-nothing\/\"]}]},{\"@type\":\"BreadcrumbList\",\"@id\":\"https:\/\/mordorswiss.com\/index.php\/discography\/life-is-nothing\/#breadcrumb\",\"itemListElement\":[{\"@type\":\"ListItem\",\"position\":1,\"item\":{\"@type\":\"WebPage\",\"@id\":\"https:\/\/mordorswiss.com\/\",\"url\":\"https:\/\/mordorswiss.com\/\",\"name\":\"Accueil\"}},{\"@type\":\"ListItem\",\"position\":2,\"item\":{\"@type\":\"WebPage\",\"@id\":\"https:\/\/mordorswiss.com\/index.php\/discography\/\",\"url\":\"https:\/\/mordorswiss.com\/index.php\/discography\/\",\"name\":\"Discography\"}},{\"@type\":\"ListItem\",\"position\":3,\"item\":{\"@id\":\"https:\/\/mordorswiss.com\/index.php\/discography\/life-is-nothing\/#webpage\"}}]}]}<\/script>\n<!-- \/ Yoast SEO plugin. -->","_links":{"self":[{"href":"https:\/\/mordorswiss.com\/index.php\/wp-json\/wp\/v2\/pages\/272"}],"collection":[{"href":"https:\/\/mordorswiss.com\/index.php\/wp-json\/wp\/v2\/pages"}],"about":[{"href":"https:\/\/mordorswiss.com\/index.php\/wp-json\/wp\/v2\/types\/page"}],"author":[{"embeddable":true,"href":"https:\/\/mordorswiss.com\/index.php\/wp-json\/wp\/v2\/users\/1"}],"replies":[{"embeddable":true,"href":"https:\/\/mordorswiss.com\/index.php\/wp-json\/wp\/v2\/comments?post=272"}],"version-history":[{"count":6,"href":"https:\/\/mordorswiss.com\/index.php\/wp-json\/wp\/v2\/pages\/272\/revisions"}],"predecessor-version":[{"id":281,"href":"https:\/\/mordorswiss.com\/index.php\/wp-json\/wp\/v2\/pages\/272\/revisions\/281"}],"up":[{"embeddable":true,"href":"https:\/\/mordorswiss.com\/index.php\/wp-json\/wp\/v2\/pages\/76"}],"wp:attachment":[{"href":"https:\/\/mordorswiss.com\/index.php\/wp-json\/wp\/v2\/media?parent=272"}],"curies":[{"name":"wp","href":"https:\/\/api.w.org\/{rel}","templated":true}]}}